{"id":28,"date":"2016-04-14T18:49:41","date_gmt":"2016-04-14T16:49:41","guid":{"rendered":"http:\/\/bvbsalzbergen.de\/?page_id=28"},"modified":"2023-02-01T19:49:25","modified_gmt":"2023-02-01T18:49:25","slug":"kontakt","status":"publish","type":"page","link":"https:\/\/bvbsalzbergen.de\/?page_id=28","title":{"rendered":"Kontakt"},"content":{"rendered":"\n<p>Wenn Sie einen Kontakt zum Fanclub w\u00fcnschen, schreiben Sie eine Mail an info@bvbsalzbergen.de.<\/p>\n\n\n\n<p>Alternativ k\u00f6nnen Sie uns auch \u00fcber unsere Facebook-Seite oder Instagram erreichen.<\/p>\n","protected":false},"excerpt":{"rendered":"<p>Wenn Sie einen Kontakt zum Fanclub w\u00fcnschen, schreiben Sie eine Mail an info@bvbsalzbergen.de. Alternativ k\u00f6nnen Sie uns auch \u00fcber unsere Facebook-Seite oder Instagram erreichen.<\/p>\n","protected":false},"author":2,"featured_media":0,"parent":0,"menu_order":4,"comment_status":"closed","ping_status":"closed","template":"","meta":{"jetpack_post_was_ever_published":false,"footnotes":""},"class_list":["post-28","page","type-page","status-publish","hentry","clearfix"],"jetpack_sharing_enabled":true,"jetpack_shortlink":"https:\/\/wp.me\/P7lj6g-s","_links":{"self":[{"href":"https:\/\/bvbsalzbergen.de\/index.php?rest_route=\/wp\/v2\/pages\/28","targetHints":{"allow":["GET"]}}],"collection":[{"href":"https:\/\/bvbsalzbergen.de\/index.php?rest_route=\/wp\/v2\/pages"}],"about":[{"href":"https:\/\/bvbsalzbergen.de\/index.php?rest_route=\/wp\/v2\/types\/page"}],"author":[{"embeddable":true,"href":"https:\/\/bvbsalzbergen.de\/index.php?rest_route=\/wp\/v2\/users\/2"}],"replies":[{"embeddable":true,"href":"https:\/\/bvbsalzbergen.de\/index.php?rest_route=%2Fwp%2Fv2%2Fcomments&post=28"}],"version-history":[{"count":22,"href":"https:\/\/bvbsalzbergen.de\/index.php?rest_route=\/wp\/v2\/pages\/28\/revisions"}],"predecessor-version":[{"id":1471,"href":"https:\/\/bvbsalzbergen.de\/index.php?rest_route=\/wp\/v2\/pages\/28\/revisions\/1471"}],"wp:attachment":[{"href":"https:\/\/bvbsalzbergen.de\/index.php?rest_route=%2Fwp%2Fv2%2Fmedia&parent=28"}],"curies":[{"name":"wp","href":"https:\/\/api.w.org\/{rel}","templated":true}]}}